se 11) to base 13.
-691374
-a1469b (base 14) to base 3
-101012211010001
Convert -6137013 (base 11) to base 2.
-101001010111011000010111
What is 2041243 (base 7) in base 6?
5131554
What is 30faa (base 16) in base 15?
3e698
Convert 11000011000100011101100 (base 2) to base 10.
6392044
What is -2359083 (base 11) in base 5?
-2023032200
-32224304 (base 5) to base 2
-1000010110100101000
Convert -345016 (base 11) to base 5.
-120022024
Convert 45dc1 (base 16) to base 13.
a0322
What is 4620571 (base 8) in base 5?
310110003
Convert -11ade5 (base 16) to base 8.
-4326745
What is -31043013 (base 5) in base 10?
-252883
110002020201001 (base 3) to base 11
369666a
Convert -10768750 (base 9) to base 12.
-1909776
-548172 (base 10) to base 15
-ac64c
Convert -110102210112 (base 3) to base 11.
-157a12
Convert -20112000201001 (base 3) to base 11.
-1a57108
What is -833a38 (base 11) in base 13?
-37aa85
9047930 (base 10) to base 14
12b74ca
750482 (base 10) to base 9
1363418
22415645 (base 8) to base 6
252032525
-1240213004 (base 5) to base 3
-12202011110220
Convert 328bb1 (base 13) to base 16.
122ab4
-250158 (base 11) to base 9
-662454
482a76 (base 13) to base 14
32aa9b
Convert -321111422 (base 6) to base 14.
-a72b1c
What is -40707521 (base 8) in base 11?
-4959846
Convert 143553 (base 8) to base 4.
30131223
101201011122 (base 3) to base 4
303131312
Convert -140055 (base 8) to base 16.
-c02d
30135655 (base 7) to base 15
344b5d
Convert 137b5 (base 13) to base 11.
25457
-23265c (base 13) to base 5
-203140004
Convert 16163 (base 9) to base 7.
44166
Convert 775ba9 (base 12) to base 9.
3511573
1636571 (base 10) to base 9
3063852
Convert 3359380 (base 10) to base 6.
200000404
-541673 (base 8) to base 12
-88a23
What is -1173753 (base 10) in base 6?
-41054013
-2571e4 (base 16) to base 5
-1112011423
Convert -12100022001011 (base 3) to base 4.
-22311122113
-1865665 (base 9) to base 15
-15a50e
What is 100010011101100100100 (base 2) in base 13?
306cc7
Convert -6c25 (base 16) to base 12.
-14031
Convert 1050 (base 11) to base 8.
2552
Convert 13849a7 (base 11) to base 10.
2378372
-9477666 (base 10) to base 7
-143362452
Convert 532125 (base 6) to base 14.
11a97
What is 1503231 (base 6) in base 7?
506350
Convert -55036120 (base 7) to base 12.
-16b4904
What is 41774 (base 16) in base 2?
1000001011101110100
What is 23243661 (base 7) in base 10?
2044617
What is 1242553 (base 6) in base 4?
100213011
What is -2112000222011 (base 3) in base 9?
-2460864
Convert 415277 (base 8) to base 4.
201222333
-12102021200002 (base 3) to base 2
-1010111110111101001101
Convert 11202212121 (base 3) to base 4.
112323331
Convert -2952788 (base 11) to base 16.
-4d5a4f
What is -35311014 (base 6) in base 7?
-12221662
-4309 (base 10) to base 8
-10325
What is 1043115 (base 10) in base 9?
1858786
What is -3212003230 (base 4) in base 10?
-942316
Convert -1355624 (base 8) to base 7.
-3156135
-117470 (base 8) to base 2
-1001111100111000
What is 1001111111010111000110 (base 2) in base 16?
27f5c6
4151053 (base 6) to base 11
128125
Convert -4f31b (base 16) to base 2.
-1001111001100011011
What is b232a (base 12) in base 5?
24411033
What is -8474 (base 16) in base 13?
-12584
-11022111110 (base 3) to base 16
-14bbf
What is -2768472 (base 10) in base 7?
-32350230
What is 113132330 (base 4) in base 8?
273674
Convert 42440121 (base 5) to base 15.
71491
13360 (base 9) to base 10
9045
Convert -100000100002 (base 3) to base 13.
-62987
What is -556b07 (base 15) in base 8?
-17422434
What is -110101004 (base 6) in base 12?
-7aa764
3030540 (base 7) to base 14
954c7
What is -36525515 (base 7) in base 12?
-1116998
-354d7a (base 15) to base 14
-4a46d0
What is -3333a (base 13) in base 11?
-63821
Convert -5103015 (base 6) to base 13.
-86036
Convert 581488 (base 10) to base 6.
20244024
What is -1d1b5 (base 14) in base 15?
-170cd
43a993 (base 13) to base 14
2d7106
Convert 10111010010001001 (base 2) to base 9.
154735
What is 2387c (base 13) in base 6?
1221412
305202 (base 8) to base 12
4a542
-6bc713 (base 13) to base 9
-4745611
What is -a23025 (base 11) in base 15?
-2270c7
27025b (base 13) to base 10
942927
Convert -121210121112 (base 3) to base 4.
-1100232323
8a13ab (base 13) to base 8
14334657
560217 (base 11) to base 3
1200101110110
Convert -356647 (base 9) to base 4.
-310131013
What is 1000011101001111100 (base 2) in base 5?
32331431
Convert -103366 (base 13) to base 5.
-44102400
10342420434 (base 5) to base 12
394863b
-2aa183 (base 12) to base 9
-1321130
What is -203330133 (base 5) in base 8?
-3147372
Convert 243387 (base 12) to base 6.
20322251
Convert 13404404 (base 5) to base 16.
21b78
Convert 32111131 (base 4) to base 9.
88481
Convert -195932 (base 12) to base 13.
-12798b
2786714 (base 12) to base 14
1095a80
Convert 13230501 (base 7) to base 5.
302430203
What is 745718 (base 9) in base 2?
1101100010110101000
Convert -f956 (base 16) to base 3.
-10020120002
21212120122 (base 3) to base 11
a6482
-426888 (base 10) to base 12
-187060
What is -3516550 (base 7) in base 10?
-441721
What is -28b497 (base 15) in base 4?
-13132332331
Convert 301441310 (base 5) to base 9.
2232718
What is -20100330 (base 4) in base 12?
-17710
-111133311 (base 4) to base 15
-1b153
Convert -132843 (base 9) to base 4.
-103233231
What is -5194d (base 15) in base 10?
-258598
14546026 (base 8) to base 12
1146646
What is 3c2946 (base 16) in base 2?
1111000010100101000110
12100121001120 (base 3) to base 11
1674316
-2031312002 (base 4) to base 10
-580994
3434103 (base 5) to base 7
345053
-303023310 (base 4) to base 16
-332f4
Convert -1111100200201 (base 3) to base 14.
-1696dc
What is -17334 (base 16) in base 5?
-11020103
Convert 101010001000000100 (base 2) to base 3.
22202200200
1301131313 (base 4) to base 11
2981a9
Convert -61ca3 (base 13) to base 10.
-175724
What is -303303101 (base 4) in base 3?
-101210001102
1304140 (base 6) to base 15
16023
-1000011010000110111 (base 2) to base 4
-1003100313
-4484e (base 16) to base 14
-743ca
Convert 1bae6 (base 15) to base 13.
320a9
-192a77 (base 14) to base 12
-36b841
39477 (base 11) to base 3
2212110111
1540147 (base 10) to base 16
178033
-253496 (base 13) to base 6
-31045125
Convert 1210032133 (base 4) to base 8.
1441637
Convert 10000011100110010001111 (base 2) to base 4.
100130302033
What is -1994911 (base 13) in base 7?
-131463136
Convert -20b57 (base 13) to base 6.
-1133221
Convert -15ee6 (base 15) to base 13.
-26343
-8632661 (base 9) to base 16
-469c30
What is -17aa12 (base 11) in base 10?
-278071
-111101002121 (base 3) to base 9
-441077
Convert -7a683 (base 11) to base 15.
-24844
Convert 404302101 (base 5) to base 14.
307a0b
What is 10433412 (base 5) in base 16?
16b36
What is 2404233023 (base 5) in base 11?
3144119
What is 5441724 (base 8) in base 15?
1dc521
100222222100221 (base 3) to base 5
2330021244
Convert -11233223 (base 5) to base 10.
-102313
Convert -11001100001011011 (base 2) to base 13.
-38776
What is -1718323 (base 13) in base 14?
-dc7325
Convert -c71304 (base 13) to base 16.
-4713e7
Convert -6a854 (base 13) to base 7.
-1440543
Convert 10254114 (base 6) to base 11.
197614
Convert -222212200112 (base 3) to base 10.
-529025
Convert a050a4 (base 12) to base 6.
125304324
Convert -222010112220 (base 3) to base 12.
-2097a3
What is -657baa (base 12) in base 7?
-16455166
14304132 (base 5) to base 13
536a2
Convert -1501445321 (base 6) to base 2.
-1000110110011001110110001
What is 62481b (base 13) in base 6?
121105112
What is 268b0b (base 14) in base 2?
101000100110001010111
101011110100000101 (base 2) to base 3
100010011201
Convert -a4a38 (base 12) to base 9.
-357858
What is 11f27e (base 16) in base 5?
300114230
Convert -759074 (base 13) to base 6.
-135105432
Convert 122210010 (base 4) to base 12.
52b70
Convert 110143243 (base 5) to base 10.
474823
-2001203220 (base 4) to base 11
-332772
What is 88675 (base 16) in base 2?
10001000011001110101
Convert -1c1e7 (base 16) to base 12.
-5679b
Convert 6203481 (base 9) to base 4.
30213330100
Convert 150777 (base 8) to base 11.
37432
What is -2221950 (base 11) in base 7?
-45060314
What is -15042433 (base 8) in base 13?
-92c27b
Convert -2470bb (base 12) to base 16.
-90bcf
What is -83786 (base 9) in base 6?
-1104040
14a8b10 (base 14) to base 6
1000124510
-160317 (base 16) to base